be (-46)/22 - 2/d. What is y(p)?
22
Let w = 6155 + -6163. Let h(x) = x + 12. What is h(w)?
4
Let a(v) be the third derivative of -v**4/24 - 13*v**3/6 - 552*v**2. What is a(-9)?
-4
Let q(v) = 2*v**2 + 4*v + 8*v**2 - 13 - 7*v**2 + 15. Let h(i) be the second derivative of i**4/6 + i**3/2 + i**2 + 2*i. Let n(d) = 4*h(d) - 3*q(d). Give n(-2).
-2
Let l = 19277 + -19281. Let v(d) be the first derivative of 5*d**2/2 + 9*d - 3. Give v(l).
-11
Let x(r) be the first derivative of -r**4/4 - 3*r**3 - 15*r**2/2 + 3*r + 269. Let l(k) = k. Let f(h) = 3*l(h) + x(h). What is f(-7)?
-11
Let h(u) be the third derivative of u**7/840 - u**6/240 + u**5/10 + 2*u**2. Let a(d) be the third derivative of h(d). Let r be 6/(-4)*(0 - 2). Calculate a(r).
15
Let m(p) be the first derivative of 4*p**3/3 + p**2 + p + 12. Let c(s) = -7 + s**2 - 2*s**2 + 3*s + 0*s**2 - 8*s. Let z be c(-3). Give m(z).
3
Let x(p) = p**3 - p**2 + 2. Let z = 352 + 30. Let h = z + -380. Determine x(h).
6
Let m(v) = -34*v - 52. Let l be m(14). Let o = l + 1031. Let p(z) = 1 - 5 + o*z - 506*z. Give p(6).
-22
Suppose -2*n + 4 = 2. Let y(q) = 10*q**2 + 0*q**2 + 9*q**2 + q + 5*q**2 - 14*q**2. Calculate y(n).
11
Let c(u) = 17*u - 13. Let o(j) = -24*j + 12. Let m(k) = 4*c(k) + 3*o(k). Give m(-6).
8
Suppose -2730 = -104*n + 195*n. Let k(l) = l**3 + 33*l**2 + 87*l - 96. Give k(n).
-6
Let r(q) = 573*q + 22. Let x be r(4). Let b(p) = -2*p**3 - 2321 - 2*p + x + 3*p**3. Determine b(0).
-7
Let z(u) = u**2 + 19*u + 15. Let c(q) = -4*q**2 - 15*q + 30. Let g be c(2). Give z(g).
-33
Let y(t) be the first derivative of 0*t + 1/60*t**5 + 5/3*t**3 + 3*t**2 + 26 + 11/24*t**4. Let g(u) be the second derivative of y(u). Calculate g(-9).
-8
Suppose t + 4 = -3*r - 0*r, 0 = 2*t + 2*r + 16. Let j be (100/(-30))/(t/36). Let a be 32/(-6) - -6*j/54. Let p(u) = u**3 + 5*u**2 + 6*u + 4. Determine p(a).
-4
Suppose 0 = 5*k - 5*j + 85, 3*j + 32 + 61 = -5*k. Let f(z) = z**2 + 16*z - 22. Determine f(k).
14
Let m(h) be the first derivative of -h**3/3 + 2*h**2 + 9*h + 11. What is m(4)?
9
Let k(d) = d**2 - 8*d + 3. Suppose -3*o - 3 = -2*a - 2*o, 0 = -a - 5*o + 7. Suppose -5*v + 168 + a = 0. Suppose -8*s + v = -22. Give k(s).
-4
Let a(h) be the first derivative of -82 + 14*h - 1/2*h**2. Give a(7).
7
Let h(n) be the third derivative of -2/3*n**3 + 6*n**2 + 0 - 1/60*n**5 + 1/12*n**4 + 0*n. Let c = 22 + -19. Calculate h(c).
-7
Suppose 72 = 15*b + 9*b. Suppose -x = 4*h + 6, -b*h = -3*x - 0*h + 12. Let d(j) = -j**3 + 3*j - 1. Calculate d(x).
-3
Let j(o) = -3*o - 28. Let h be j(-14). Suppose 0 = 11*r - h*r - 15. Let i(k) be the third derivative of k**5/60 + k**4/8 + k**3/3 + 3*k**2. Give i(r).
12
Let u = 2982 - 2982. Let c(i) = -i**3 + 2*i**2 + 7*i + 6. Give c(u).
6
Suppose -8 = -2*x - 5*r - 13, -2*x = -r - 1. Let u(n) = -2 - n**3 - n - 1 + 2*n**2 + 7 - n**2. Give u(x).
4
Let a be (-47)/(-7) + (-2)/(-7). Suppose -2*p - 5*j = 0, -22*j = 4*p - 23*j - 44. Let i(s) = -4 + a - p*s + 5*s. Give i(3).
-12
Let x(w) be the second derivative of w**4/6 - 3*w**3/2 - 4*w**2 - 3143*w. What is x(-1)?
3
Let f(x) = -5. Let i(o) = o - 8. Suppose -60 - 25 = 17*p. Let q(b) = p*f(b) + 3*i(b). Let l(d) = -2*d**2 + d + 1. Let c be l(-1). What is q(c)?
-5
Let g(r) = 16*r + 13. Let h(t) = 37*t + 33. Let a(n) = 7*g(n) - 3*h(n). Suppose -2*b + 18 + 0 = 0. What is a(b)?
1
Let f(s) be the third derivative of -s**5/30 - s**4/4 + 55*s**3/2 - 2*s**2 - 9*s. Let p(o) be the first derivative of f(o). What is p(-4)?
10
Let w(h) = -34*h**3 + 2*h**2 - 295*h + 522. Let u(l) = -19*l**3 + l**2 - 165*l + 290. Let v(k) = 25*u(k) - 14*w(k). Give v(5).
17
Let s(v) be the second derivative of -v**4/3 - 10*v**3/3 - 5*v**2 - 427*v. What is s(-4)?
6
Let n(b) = -b**2 - 18*b + 362. Let c = -2665 - -2677. Give n(c).
2
Suppose a + 50 = -5*n + 45, -4*a - 20 = -4*n. Let r(k) = -15*k**2 - 21*k + 21. Let q(b) = 7*b**2 + 10*b - 10. Let x(f) = -13*q(f) - 6*r(f). What is x(a)?
-1
Suppose -2*s + 7*s + 5 = 0. Let z be (10 + 4)/(2*(s - -2)). Let k(t) = t**3 - 8*t**2 + 7*t + 2. Give k(z).
2
Let p(v) = -3*v + 3. Let f(h) = h**3 + 8*h**2 + 2*h - 16. Let l be f(-7). Suppose -30*b + l*b + 44 = 0. Determine p(b).
-9
Let g(m) be the first derivative of m**2 - 20*m - 1. Let y = 965 + -958. Let j be g(y). Let u(d) = -d**3 - 5*d**2 + 7*d - 1. Determine u(j).
-7
Let l(n) be the third derivative of -n**4/8 + 24*n**3 + 4659*n**2. What is l(0)?
144
Let i(j) be the first derivative of 1 - 3*j - 132790*j**2 + 132790*j**2 + j**3. Determine i(3).
24
Let w = -909 + 916. Let p(s) = s**2 + s + 1. Let k(j) be the first derivative of j**4/4 - 5*j**3/3 + j**2 + 3*j + 2. Let r(f) = -k(f) + 2*p(f). What is r(w)?
-1
Let w(b) = 6 + 2*b**2 - 122405*b - 122363*b - 6*b**2 + 244724*b + 5. What is w(-11)?
11
Let a(g) = g + 1. Let q(j) = j. Let o(w) = -8*w - 11. Let y(s) = -o(s) - 6*q(s). Let k be y(-5). Give a(k).
2
Suppose -231*i + 358 = -52*i. Let l(h) = -19*h**2 - h - 2. Give l(i).
-80
Let d(f) = -f**2 + 21*f - 8. Suppose -1305*y + 3197 = -1166*y. Give d(y).
-54
Let x(v) = 2*v - 7. Let y(f) = f + 35. Let p be y(-25). Suppose -5*l - 2*a = -27, -39 = -5*l - 4*a - p. Determine x(l).
3
Let u = 1605 + -3209/2. Let g(l) be the third derivative of -u*l**3 + 6*l**2 + 0 - 1/30*l**5 - 5/24*l**4 + 0*l. What is g(-3)?
-6
Let u = -40 + 46. Suppose -11 - 1 = -u*j. Let f(t) = -7*t**2 + t**2 + 2*t**2 - 6*t + 5*t**j - 6. Determine f(7).
1
Let j(n) = -5*n - 31. Let s = 704 + 28. Let r = 725 - s. What is j(r)?
4
Suppose -75 = 6*n - n. Let y be 12*n/(-6) - 1. Let a(d) = 0*d + 28 + y - 54 - 2*d. Give a(-4).
11
Let f(t) = -t**2 - 12*t - 19. Let k be -7 + 18 + -14 + -5. Calculate f(k).
13
Suppose -1404*f - 918 = -1302*f. Let s(k) = 2*k + 15 + 9 - 28 + 0*k. Calculate s(f).
-22
Let f = 284 + -290. Let i(g) = 16*g. Let v(o) = -19*o - 1. Let k(m) = f*i(m) - 5*v(m). Let w(b) = -b - 1. Let r be w(-5). Give k(r).
1
Let c(y) = 210 + 194 - 663 + 2*y - y + 198. Calculate c(27).
-34
Let v(a) = 147*a - 52*a - 47*a - 49*a. Give v(-3).
3
Let n(r) = -25*r**2 - 6*r - 6. Suppose -3*f = -3*b - 12, -3*b - 8*f = -10*f + 9. Calculate n(b).
-25
Let n(m) = -m**2 + 11*m + 62. Let b be 192/(-72)*(-12)/(-8). Give n(b).
2
Let t = -14919 + 14915. Let g(p) = 4*p + 16. Calculate g(t).
0
Let v be (24/10)/(8/20). Let t(u) be the second derivative of u**4/12 - 5*u**3/6 - u**2 + 4012*u. Calculate t(v).
4
Let r = -76 + 73. Let p(c) = -2*c + 15. Let j(l) = l - 7. Let x(m) = r*p(m) - 7*j(m). Calculate x(5).
-1
Let h(u) = 2*u + 1. Let r(z) be the first derivative of z**4/4 + 14*z**3/3 + z**2/2 + 19*z - 11. Let j be r(-14). Calculate h(j).
11
Let y be (4/8)/(-2*(-1)/8). Let t(u) = 206*u**3 - u**2 - 207*u**3 + 2 + 3*u + y*u**2. Determine t(-2).
8
Let a(i) = -4 - 7 - 35 - 11 + 3*i + 108. What is a(-15)?
6
Suppose 64*p + 972 = 70*p. Let g(l) = l**2 - 154*l + 3 + 5 - 3 + p*l. Determine g(-8).
5
Let m(b) = 115*b**3 + 10*b**2 - 8*b. Let i(o) = -134*o**3 - 10*o**2 + 8*o. Let a(p) = 6*i(p) + 7*m(p). Let f(y) = -y**2 + 3*y - 1. Let s be f(5). What is a(s)?
-33
Let s be (0/2 - 75)*(-1127)/3381. Let b(q) = -q**3 + 26*q**2 - 28*q + 73. Give b(s).
-2
Let v(q) = 76*q + 10*q**2 - 138*q + 74*q - 2*q**3 - 3 + q**3. Let z = 393 + -382. What is v(z)?
8
Let d(k) = -k**2 + 34*k + 198. Let x be d(39). Let g(w) = -5 - 4 + x - 3 - w + 3. What is g(-17)?
11
Let r(s) = -4 - s**2 + 9016*s + 8867*s - 17876*s. Let z be ((-9)/4)/((-3)/8). Determine r(z).
2
Let o be (-16*26/(-1040))/(4/(-10)). Let t(j) = -3*j**3 + 2*j + 2. Calculate t(o).
3
Let m be ((-24)/10)/((-20)/50). Let z(r) = m*r + 13 - 3*r + 0*r + 2. Let l be z(-7). Let y(w) = -w**3 - 7*w**2 - 4*w + 6. Give y(l).
-6
Let l(v) be the third derivative of 27*v**2 - 1/24*v**4 + 0 + 7/6*v**3 + 0*v. Calculate l(4).
3
Suppose 3*j - 8 = 3*v - 23, 7 = -2*j + 3*v. Let t(d) = d**3 + 6*d**2 - 11*d + 37. Give t(j).
-3
Let k(l) be the second derivative of l**4/12 + 16*l**3/3 + 62*l**2 + 1274*l. Determine k(-28).
12
Let w(p) = 2*p + 9. Let o(b) = -58*b + b**3 + 8 + 6*b**2 + b**2 + 10*b**2 + 78*b. Let d be o(-16). Let h = 49 + d. Determine w(h).
-5
Let m be -17 - (-3 + (-20)/(-30)*-12). Let s(k) be the first derivative of -k**3/3 - 3*k**2 - 5*k + 2. Give s(m).
-5
Suppose -53 = -23*v + 16. Let m(o) = -o - 39*o**2 + v*o**2 + 37*o**2 - 3. What is m(-3)?
9
Let w = 31 - -14. Suppose -o + w